. What is p(o)?
-9
Let l(a) = -a**3 + 6*a**2 - 4. Let s(f) = f**3 - f**2 + 1. Suppose -2*g = 3*g + 15, -4*r + 10 = -2*g. Let h(m) = r*l(m) + 2*s(m). Determine h(-3).
7
Suppose -v + 5*o + 20 = 4*v, o = -5*v + 26. Let s(t) = -t**3 + 7*t**2 - 8*t + 5. Determine s(v).
15
Suppose -x - 2 = -2*x. Suppose -4*v = -4*c - 16, -4*c = -2*v + 16 - x. Let j(b) = b**2 + 2*b + 1. Give j(c).
4
Suppose 2*h - 8 = 4*h. Let q(a) = 2*a - 2. Let m(z) = -1. Let l(d) = h*m(d) + q(d). What is l(-3)?
-4
Let v(j) = 3*j**2 + 9 - j**2 + 1 + 28*j - 11*j. Let q(l) = -l**2 - 8*l - 5. Let z(h) = 5*q(h) + 2*v(h). Let g be (-18)/4 - 3/(-6). Give z(g).
3
Let v be 0 - -1 - (-2)/1. Let j(d) = -d**2 - 3 + 3*d + 2*d + d - 4*d. What is j(v)?
-6
Let n(r) = -3*r + 2. Let q(f) = -f**3 - 3*f**2 - 3*f. Let o be q(-2). Calculate n(o).
-4
Suppose 11*h - 64 = 3*h. Let r(p) = -2*p + 10. Determine r(h).
-6
Let o(g) be the first derivative of g**3/3 + 3*g**2 + 3*g + 3. Let a = 34 + -38. Determine o(a).
-5
Let p(h) be the second derivative of -h**7/2520 + h**6/240 - h**5/40 - 7*h**4/12 - 3*h. Let x(l) be the third derivative of p(l). Let g = 9 - 6. Determine x(g).
-3
Let o(g) = -3 + 5 - 1 - 6*g. Calculate o(1).
-5
Let i(l) = l**3 - 2*l**2 + l - 1. Let x = -4 + 5. Give i(x).
-1
Let t(r) = -3*r - 2. Let k = 1 - 3. Let m be t(k). Suppose -m*n + 1 = -5*n. Let o(i) = 2*i**3 - i**2 - i - 1. Determine o(n).
-3
Let s(p) = p - 1. Let m(l) = -l + 9. Let n(a) = m(a) + 2*s(a). Suppose -2*g + 2*o = 10, -g - 4 = -o - o. What is n(g)?
1
Suppose -14 + 7 = -d. Let o(a) = a**2 - 6*a - 5. What is o(d)?
2
Let d(i) be the second derivative of -i**4/12 + 3*i**3/2 - 6*i**2 + 3*i - 13. Calculate d(8).
-4
Let f(o) be the first derivative of o**6/360 - o**5/30 - o**4/3 - 2*o**3/3 - 1. Let a(t) be the third derivative of f(t). Determine a(6).
4
Let p(g) be the second derivative of 3*g**2 - 4/3*g**3 + 1/20*g**5 - 5/12*g**4 + 0 - g. Let b be 3/((-1)/2 - -1). Give p(b).
-6
Suppose -9 = -3*r - 5*w, -5*r - w - 5 = 2. Let v(j) = 2*j**3 + 3*j**2 + j + 1. Determine v(r).
-5
Let p(z) = 3*z**2 - z**2 - z**2 + 5 - 4*z. Let q(r) = 7*r - 2. Let n be q(1). Give p(n).
10
Let o(c) be the third derivative of c**4/12 - c**3/6 - 4*c**2. What is o(-2)?
-5
Suppose 0*k = -3*k. Suppose 3*a - 1 + 7 = k. Let n(y) be the third derivative of -y**4/24 - y**3/3 + 5*y**2. Determine n(a).
0
Let n(t) be the second derivative of -t**3/3 - 42*t. Give n(6).
-12
Let b(n) = 6*n**3 + n**2 + 2*n + 1. Suppose -22 = 7*w - 15. Give b(w).
-6
Suppose -12 = -2*b + 2*l, l - 27 = -2*b + 6*l. Suppose 0 = 4*a - b - 19. Let w(i) = i**2 - 2*i - 3. Determine w(a).
12
Let q = -11 + 13. Let j be 189/(-36) + q/8. Let d(i) = -i. What is d(j)?
5
Let n(d) = -6*d + 3. Suppose 2*i - 42 = -4*k - 14, -3*i + 14 = 2*k. Suppose -2*z - 10 = -k*z. Give n(z).
-9
Let j be 1/(-4) - 17/(-4). Let c = -1 + j. Let n(z) = 1 + 0 - 4*z - z**3 - 5*z**2 + 8*z + c*z. Determine n(-6).
-5
Let b(f) = f**3 - f**2 - f + 2. Let c be b(0). Suppose -4 = -c*z + 2. Let d be ((-40)/15)/((-2)/z). Let r(m) = m**3 - 4*m**2 - m + 2. Calculate r(d).
-2
Let i(l) = l + 0 - 5 + 7. Calculate i(-3).
-1
Let x = -3 - -2. Suppose 0*j + 3*j - 3 = 0. Let o(g) = -3*g**3 + 4*g**3 + g + j - 6*g**3. What is o(x)?
5
Suppose 5*j + 20 = -5*a, -6*a - 5*j - 12 = -3*a. Let p(q) = -q**3 - 4*q**2 + 3*q. Calculate p(a).
-12
Let r(n) = -3*n. Let d(p) = -p**2 - 8*p - 2. Let o be d(-7). Suppose 0 = o*q - 0 + 10. Calculate r(q).
6
Let s = 3 - 2. Let j(f) = -s - 3 + 3 - 5*f. Let i be (-12)/(-15) - (-2)/10. Determine j(i).
-6
Let i(o) = -2*o**2 - 6*o. Suppose 0*k + 2*k = -5*d - 10, 5*k - 33 = 2*d. Suppose v = k, 2*v = 5*f + v + 25. Determine i(f).
-8
Let u be (-2)/(-4)*0 + -4. Let w(t) = -t - 11. Let v be w(-14). Let i be -1*(0/v - u). Let p(r) = -r**3 - 3*r**2 + 3*r - 1. Give p(i).
3
Let c(r) = r**2 - r + 1. Let f(w) be the second derivative of 0 - 3*w - 2*w**2 + 1/6*w**3. Let v be f(4). Calculate c(v).
1
Let r(i) = -i**3 - i**2 - 7*i - 5. Let n(w) be the third derivative of -w**6/120 - w**4/3 - 5*w**3/6 - 3*w**2. Let j(g) = -5*n(g) + 6*r(g). Give j(-6).
7
Let d = 2 - 0. Let a(g) be the first derivative of 4*g + 3*g - d*g + g**2 - 3. Calculate a(-4).
-3
Let k be (28 + -25)/(-2 - (-1 - 0)). Let t(c) = -c**3 - c**2 + 4*c + 4. Calculate t(k).
10
Let g(v) = v**2 + 9*v + 2. Let m be (-6)/(-4) - 2 - (-45)/(-6). Determine g(m).
-6
Let g(x) be the third derivative of -x**6/120 - 2*x**5/15 + 7*x**4/24 - 11*x**3/6 + 14*x**2. Give g(-9).
7
Let p(j) = j**3 + j - 3. Suppose -3*f - 3 = 3*o, -2*f + 0 = 4*o + 2. Give p(o).
-3
Let a be (3/6)/(4/24). Let l(v) = 0*v**a + 3*v**3 + 1 - 2*v**3 - 2*v**2 + v**2. Give l(-1).
-1
Suppose -d + 0 + 1 = 0. Let g(q) be the second derivative of q**5/20 - q**4/24 + q**3/6 + 4*q. Let c(f) be the second derivative of g(f). Determine c(d).
5
Suppose -3*q + 0*q = -15. Let w(v) = -4 + 2*v**2 - 6*v**2 - q*v + 3*v**2. Let d = -11 - -8. Determine w(d).
2
Let k(n) = -n - n + 13 - 9 + n**2. Calculate k(3).
7
Let p(q) = q + 13. Suppose 4*i - 3*i - 38 = 5*d, -34 = 4*d - 2*i. Give p(d).
6
Let x(r) = r**3 + 6*r**2 + 6*r. Let q = -21 + 17. Calculate x(q).
8
Let y(j) = j**3 + j + 1. Let h(f) = 3*f**3 - f**2 - 2*f - 1. Let n(g) = -h(g) - 2*y(g). What is n(-1)?
5
Let w(a) = a. Let z be w(1). Let t(g) = -z + 3 - g - 6*g**2 - g**3 + 0*g**3. What is t(-6)?
8
Let f(d) = 0 + 2 + 1 - d. Give f(0).
3
Let w(i) = -i**2 - i + 4. Let h = -5 - -2. Give w(h).
-2
Let z(t) be the second derivative of t**5/20 - t**4/4 - 5*t**3/6 + 2*t**2 + 8*t. Suppose -3 = a - 1, 0 = -4*q - 3*a - 54. Let l = -8 - q. Determine z(l).
0
Let b(r) = r - 2 + 6 + 3. Let m(d) = d**2 + 5*d + 1. Let a(y) = y - 6. Let w be a(3). Let z be m(w). Determine b(z).
2
Let n(y) be the first derivative of -y**4/4 + 7*y**3/3 - 3*y**2 + 5*y - 1. Suppose -11 = -3*o - s, 7*o = 2*o + 4*s - 10. Let b be (o/4)/(1/12). Determine n(b).
5
Let g = -16 - -10. Let w = 6 + g. Let b be w + 15/(1 - -2). Let v(j) = j**3 - 4*j**2 - 6*j + 3. Give v(b).
-2
Let i(u) be the first derivative of 2*u - 2 - u**3 + 1/4*u**4 + 0*u**2. Calculate i(3).
2
Let n(s) be the third derivative of -s**2 - 1/120*s**6 - s**3 + 0*s - 1/8*s**4 + 0 - 1/15*s**5. Calculate n(-4).
6
Let t be (-6)/(-5)*75/10. Let a(n) = n**2 - 11*n + 6. Let b be a(t). Let h be 8/(-6) + (-4)/b. Let c(p) = -2*p**2 + 1. What is c(h)?
-1
Let v(s) = s**3 - 3*s**2 + 4*s - 3. Let a be -10*1 + (-12)/(-4). Let l be (-16)/a + (-14)/49. Give v(l).
1
Let y(z) be the first derivative of -z**3/3 - z**2/2 - z + 16. Give y(-2).
-3
Let j(o) = o - 5. Let r be 1/(-4) + 17/4. Determine j(r).
-1
Let p(v) = -4*v**2 + 6*v + 4. Let z(l) = -l**2 + l + 1. Let i(a) = -p(a) + 3*z(a). Determine i(5).
9
Let h(n) = n**2 + 6*n - 4. Let c(j) be the first derivative of -j**4/4 - 4*j**3/3 - j + 1. Let t be c(-2). Let a = t - -3. What is h(a)?
-4
Let c(z) be the third derivative of -z**6/120 - z**5/20 + z**4/12 + z**3/3 - 2*z**2. Let m be c(-3). Let k(l) = l**2 + 7*l + 6. Give k(m).
-6
Let x(s) = -16*s + 7*s**2 + 1 + 2 - 4 + 14*s. Determine x(-1).
8
Let x(w) = w - 2. Let f(h) = -h**3 - 3*h**2 - h - 17. Let n be f(-4). Give x(n).
1
Let k(o) be the third derivative of -o**5/60 + o**4/4 + 4*o**3/3 - 6*o**2. Determine k(6).
8
Let q be -2*(-4)/36 - (-1)/9. Let r(n) be the first derivative of n + q*n**3 - 5/2*n**2 - 3. Give r(2).
-5
Let y(v) be the second derivative of -v**7/2520 + v**6/180 + 7*v**4/12 + 2*v. Let w(s) be the third derivative of y(s). Calculate w(4).
0
Let f(u) = u + 4. Let w = -62 - -62. Determine f(w).
4
Let t(y) = -5*y**2 + 7*y + 8. Let o(q) = -5*q**2 + 6*q + 7. Let n(m) = -6*o(m) + 5*t(m). Calculate n(2).
16
Let z(a) be the first derivative of -a**5/20 + a**4/4 - a**3/6 - 3*a**2/2 - 2*a - 1. Let d(h) be the first derivative of z(h). Determine d(3).
-6
Let b(r) be the first derivative of -r**3/3 - r**2 + r - 12. Calculate b(-5).
-14
Let s(a) = -a**2 - 11*a + 39. Let j be s(-14). Let y(z) = -z**3 - 5*z**2 - 4*z - 2. Give y(j).
-8
Suppose 0 = d - 1 - 2. Let n(c) = 2 + c**2 - 4 - 2*c**3 + c**d + 0. What is n(2)?
-6
Let r(f) = 11*f - 4. Let u(k) = 32*k - 11. Let c(x) = 8*r(x) - 3*u(x). Determine c(-1).
9
Let k(o) = o**2 + 2 + 1 + 3*o + 0*o. Suppose 1 = 4*g - 5*j - 11, j = 2*g. Let q be (-8)/6*(-3)/g. Calculate k(q).
1
Let b(q) = -6*q + 6. Let a = 105 + -101. Determine b(a).
-18
Le